{"id":60,"date":"2014-04-15T15:42:43","date_gmt":"2014-04-15T13:42:43","guid":{"rendered":"http:\/\/www.renatejedinger.at\/wordpress1\/?page_id=60"},"modified":"2014-04-16T10:46:43","modified_gmt":"2014-04-16T08:46:43","slug":"aus-und-fortbildungen","status":"publish","type":"page","link":"http:\/\/www.renatejedinger.at\/wordpress1\/aus-und-fortbildungen","title":{"rendered":"Aus- und Fortbildungen"},"content":{"rendered":"<h1 style=\"text-align: right;\"><span style=\"color: #792935;\">Aus- und Fortbildungen<\/span><\/h1>\n<p>&nbsp;<\/p>\n<p>&nbsp;<\/p>\n[thb_four_fifths]\n<div>\n<h4><span style=\"color: #792935;\">Aerobic u. Fitnesstrainerin<\/span><\/h4>\n<div class=\"su-spacer\" style=\"height:20px\"><\/div>\n<h4><span style=\"color: #792935;\">Wirbels\u00e4ulentraining<\/span><\/h4>\n<div class=\"su-spacer\" style=\"height:20px\"><\/div>\n<h4><span style=\"color: #792935;\">Deep \u2013 Work \u2122 \u2013 Instruktor<\/span><\/h4>\n<p>deepWORK\u2122 ist athletisch, einfach, anstrengend, einzigartig und doch ganz anders als alle bekannten Programme \u2013 ein Workout aus f\u00fcnf Elementen und voller Energie! Dabei unterliegt deepWORK\u2122 dem Gesetz von Yin und Yang und vereint die geistigen und k\u00f6rperlichen Gegens\u00e4tze eines funktionellen Trainings.<br \/>\n<a href=\"http:\/\/www.deepwork.at\/\" target=\"_blank\">www.deepwork.at<\/a><\/p>\n<div class=\"su-spacer\" style=\"height:20px\"><\/div>\n<h4><span style=\"color: #792935;\">MBT\u2122\u00a0 Instruktor<\/span><\/h4>\n<p>Entwickelt wurde MBT (Masai Barefoot Technology) im Jahre 1996, als wir entdeckten, dass eine nat\u00fcrliche Instabilit\u00e4t beim Gehen und Stehen sp\u00fcrbare Vorteile f\u00fcr die Gesundheit mit sich bringt.\u00a0\u00a0\u00a0 \u00a0 \u00a0\u00a0 \u00a0\u00a0\u00a0 <a href=\"http:\/\/at.mbt.com\/Footer\/Company\/About-Us.aspx\" target=\"_blank\">www.mbt.com<\/a><\/p>\n<div class=\"su-spacer\" style=\"height:20px\"><\/div>\n<h4><span style=\"color: #792935;\">Yoga Workshops<\/span><\/h4>\n<div class=\"su-spacer\" style=\"height:20px\"><\/div>\n<h4><span style=\"color: #792935;\">Funktional-Training<\/span><\/h4>\n<div class=\"su-spacer\" style=\"height:20px\"><\/div>\n<h4><span style=\"color: #792935;\">u.v.m..<\/span><\/h4>\n[\/thb_four_fifths]\n<\/div>\n","protected":false},"excerpt":{"rendered":"<p>Aus- und Fortbildungen &nbsp; &nbsp; [thb_four_fifths] Aerobic u. Fitnesstrainerin Wirbels\u00e4ulentraining Deep \u2013 Work \u2122 \u2013 Instruktor deepWORK\u2122 ist athletisch, einfach, anstrengend, einzigartig und doch ganz anders als alle bekannten Programme \u2013 ein Workout aus f\u00fcnf Elementen und voller Energie! Dabei unterliegt deepWORK\u2122 dem Gesetz von Yin und Yang und vereint die geistigen und k\u00f6rperlichen Gegens\u00e4tze [&hellip;]<\/p>\n","protected":false},"author":1,"featured_media":0,"parent":0,"menu_order":0,"comment_status":"closed","ping_status":"closed","template":"","meta":{"footnotes":""},"class_list":["post-60","page","type-page","status-publish","hentry"],"_links":{"self":[{"href":"http:\/\/www.renatejedinger.at\/wordpress1\/wp-json\/wp\/v2\/pages\/60","targetHints":{"allow":["GET"]}}],"collection":[{"href":"http:\/\/www.renatejedinger.at\/wordpress1\/wp-json\/wp\/v2\/pages"}],"about":[{"href":"http:\/\/www.renatejedinger.at\/wordpress1\/wp-json\/wp\/v2\/types\/page"}],"author":[{"embeddable":true,"href":"http:\/\/www.renatejedinger.at\/wordpress1\/wp-json\/wp\/v2\/users\/1"}],"replies":[{"embeddable":true,"href":"http:\/\/www.renatejedinger.at\/wordpress1\/wp-json\/wp\/v2\/comments?post=60"}],"version-history":[{"count":10,"href":"http:\/\/www.renatejedinger.at\/wordpress1\/wp-json\/wp\/v2\/pages\/60\/revisions"}],"predecessor-version":[{"id":157,"href":"http:\/\/www.renatejedinger.at\/wordpress1\/wp-json\/wp\/v2\/pages\/60\/revisions\/157"}],"wp:attachment":[{"href":"http:\/\/www.renatejedinger.at\/wordpress1\/wp-json\/wp\/v2\/media?parent=60"}],"curies":[{"name":"wp","href":"https:\/\/api.w.org\/{rel}","templated":true}]}}