{"id":46,"date":"2014-04-15T15:29:20","date_gmt":"2014-04-15T13:29:20","guid":{"rendered":"http:\/\/www.renatejedinger.at\/wordpress1\/?page_id=46"},"modified":"2018-03-03T17:21:49","modified_gmt":"2018-03-03T15:21:49","slug":"ueber-mich","status":"publish","type":"page","link":"http:\/\/www.renatejedinger.at\/wordpress1\/ueber-mich","title":{"rendered":"\u00fcber mich"},"content":{"rendered":"<h1 style=\"text-align: right;\"><img loading=\"lazy\" decoding=\"async\" class=\"wp-image-460 size-medium alignleft\" src=\"http:\/\/www.renatejedinger.at\/wordpress1\/wp-content\/uploads\/2018\/03\/renate_700px-1-237x300.jpg\" alt=\"\" width=\"237\" height=\"300\" srcset=\"http:\/\/www.renatejedinger.at\/wordpress1\/wp-content\/uploads\/2018\/03\/renate_700px-1-237x300.jpg 237w, http:\/\/www.renatejedinger.at\/wordpress1\/wp-content\/uploads\/2018\/03\/renate_700px-1-260x329.jpg 260w, http:\/\/www.renatejedinger.at\/wordpress1\/wp-content\/uploads\/2018\/03\/renate_700px-1-360x456.jpg 360w, http:\/\/www.renatejedinger.at\/wordpress1\/wp-content\/uploads\/2018\/03\/renate_700px-1-560x710.jpg 560w, http:\/\/www.renatejedinger.at\/wordpress1\/wp-content\/uploads\/2018\/03\/renate_700px-1-600x760.jpg 600w, http:\/\/www.renatejedinger.at\/wordpress1\/wp-content\/uploads\/2018\/03\/renate_700px-1.jpg 700w\" sizes=\"auto, (max-width: 237px) 100vw, 237px\" \/><span style=\"color: #792935;\">Willkommen!<\/span><\/h1>\n<div>Seit 1994 bin ich mit voller Leidenschaft Fitnesstrainerin.Bewegung ist mein Leben.<br \/>\nVon 1998 \u2013 2004 betrieb ich das \u201eLadies Aerobic Studio\u201c, ein Frauenstudio, in Gmunden. Anschlie\u00dfend spezialisierte ich mich auf Kleingruppentraining f\u00fcr Frauen. Im meinen Kursen wird auf jede Teilnehmerin individuell eingegangen. In meiner T\u00e4tigkeit absolvier(t)e ich zahlreiche <a title=\"Aus- und Fortbildungen\" href=\"http:\/\/www.renatejedinger.at\/wordpress1\/?page_id=60\">Aus- und Fortbildungen<\/a>.<\/div>\n<div>\n<p><img loading=\"lazy\" decoding=\"async\" class=\"alignnone wp-image-177 size-full\" src=\"http:\/\/www.renatejedinger.at\/wordpress1\/wp-content\/uploads\/2014\/04\/Renate-Jedinger_600px.jpg\" alt=\"Renate Jedinger_600px\" width=\"600\" height=\"362\" srcset=\"http:\/\/www.renatejedinger.at\/wordpress1\/wp-content\/uploads\/2014\/04\/Renate-Jedinger_600px.jpg 600w, http:\/\/www.renatejedinger.at\/wordpress1\/wp-content\/uploads\/2014\/04\/Renate-Jedinger_600px-300x181.jpg 300w, http:\/\/www.renatejedinger.at\/wordpress1\/wp-content\/uploads\/2014\/04\/Renate-Jedinger_600px-260x156.jpg 260w, http:\/\/www.renatejedinger.at\/wordpress1\/wp-content\/uploads\/2014\/04\/Renate-Jedinger_600px-360x217.jpg 360w, http:\/\/www.renatejedinger.at\/wordpress1\/wp-content\/uploads\/2014\/04\/Renate-Jedinger_600px-560x337.jpg 560w\" sizes=\"auto, (max-width: 600px) 100vw, 600px\" \/><\/p>\n<h3><span style=\"color: #792935;\">Es gibt kein ich kann das nicht,<\/span><br \/>\n<span style=\"color: #792935;\">h\u00f6chstens ich kann das noch nicht.<\/span><\/h3>\n<\/div>\n","protected":false},"excerpt":{"rendered":"<p>Willkommen! Seit 1994 bin ich mit voller Leidenschaft Fitnesstrainerin.Bewegung ist mein Leben. Von 1998 \u2013 2004 betrieb ich das \u201eLadies Aerobic Studio\u201c, ein Frauenstudio, in Gmunden. Anschlie\u00dfend spezialisierte ich mich auf Kleingruppentraining f\u00fcr Frauen. Im meinen Kursen wird auf jede Teilnehmerin individuell eingegangen. In meiner T\u00e4tigkeit absolvier(t)e ich zahlreiche Aus- und Fortbildungen. Es gibt kein [&hellip;]<\/p>\n","protected":false},"author":1,"featured_media":0,"parent":0,"menu_order":0,"comment_status":"closed","ping_status":"closed","template":"","meta":{"footnotes":""},"class_list":["post-46","page","type-page","status-publish","hentry"],"_links":{"self":[{"href":"http:\/\/www.renatejedinger.at\/wordpress1\/wp-json\/wp\/v2\/pages\/46","targetHints":{"allow":["GET"]}}],"collection":[{"href":"http:\/\/www.renatejedinger.at\/wordpress1\/wp-json\/wp\/v2\/pages"}],"about":[{"href":"http:\/\/www.renatejedinger.at\/wordpress1\/wp-json\/wp\/v2\/types\/page"}],"author":[{"embeddable":true,"href":"http:\/\/www.renatejedinger.at\/wordpress1\/wp-json\/wp\/v2\/users\/1"}],"replies":[{"embeddable":true,"href":"http:\/\/www.renatejedinger.at\/wordpress1\/wp-json\/wp\/v2\/comments?post=46"}],"version-history":[{"count":17,"href":"http:\/\/www.renatejedinger.at\/wordpress1\/wp-json\/wp\/v2\/pages\/46\/revisions"}],"predecessor-version":[{"id":461,"href":"http:\/\/www.renatejedinger.at\/wordpress1\/wp-json\/wp\/v2\/pages\/46\/revisions\/461"}],"wp:attachment":[{"href":"http:\/\/www.renatejedinger.at\/wordpress1\/wp-json\/wp\/v2\/media?parent=46"}],"curies":[{"name":"wp","href":"https:\/\/api.w.org\/{rel}","templated":true}]}}